{"id":138,"date":"2012-02-07T10:27:44","date_gmt":"2012-02-07T10:27:44","guid":{"rendered":"http:\/\/salesianosatocha.es\/orientacion\/?page_id=138"},"modified":"2012-02-07T10:28:22","modified_gmt":"2012-02-07T10:28:22","slug":"empresas-colaboradoras-en-electricidad-y-electronica","status":"publish","type":"page","link":"https:\/\/salesianosatocha.es\/orientacion\/empresas-colaboradoras\/empresas-colaboradoras-en-electricidad-y-electronica\/","title":{"rendered":"Empresas Colaboradoras en Electricidad y Electr\u00f3nica"},"content":{"rendered":"<table border=\"1\" cellspacing=\"0\" cellpadding=\"5\">\n<tbody>\n<tr>\n<td>CICLO FORMATIVO<\/td>\n<td>NOMBRE DE LA EMPRESAS<\/td>\n<\/tr>\n<tr>\n<td>GM: Equipos electr\u00f3nicos de consumo<br \/>\nGM: Equipos e instalaciones electrot\u00e9cnicasGS: Desarrollo de productos electr\u00f3nicos<br \/>\nGS: Sistemas de regulaci\u00f3n y control autom\u00e1ticos<br \/>\nGS: Sistemas de telecomunicaci\u00f3n e inform\u00e1ticos<\/td>\n<td>ADT ESPA\u00d1A SERVICIOS DE SEGURIDAD, S.L.<br \/>\nAGUADO, S.L.<br \/>\nALBERCHE MONTAJES E INSTALACIONES INDUSTRIALES, S.L.<br \/>\nALCATEL INTEGRACI\u00d3N DE REDES, S.A.<br \/>\nALCOELECTRO, S.L.<br \/>\nANATRONIC, S.A.<br \/>\nANDETEL<br \/>\nANTENA 3<br \/>\nANTENNA AUDIO Ltd<br \/>\nASCENSORES CENIA, S.A.<br \/>\nASISTENCIA BEJARLAB, S.L.<br \/>\nASP ELECTRONIC, S.L.<br \/>\nAYUNTAMIENTO DE MAJADAHONDA<br \/>\nB.O.E.<br \/>\nBIMBO S.A.U<br \/>\nB\u00d6WE SYSTEC S.A.<br \/>\nCAMESA<br \/>\nCAMPOFRIO ALIMENTACI\u00d3N, S.A.<br \/>\nCANAL DE ISABEL II<br \/>\nCASBEGA, S.A.<br \/>\nCELLULAR STAR, S.L.<br \/>\nCENTRO DE TECNOLOG\u00cdAS F\u00cdSICAS \u00abLEONARDO TORRES QUEVEDO\u00bb<br \/>\nCLEM, S.A.<br \/>\nCOMPUTADORAS, REDES E INGENIER\u00cdA S.A.<br \/>\nCOMUNIDAD SALESIANA SAN FRANCISCO DE SALES<br \/>\nCONCENTRONIC<br \/>\nCORE NETWORKS, S.L.<br \/>\nCORITEL<br \/>\nDATAPERFECT, S.L.<br \/>\nDERTEL INSTALACIONES T\u00c9CNICAS INNOVADORAS, S.A.<br \/>\nDESMOL,S.L.<br \/>\nDIARIO ABC, S.L.<br \/>\nDIGITAL DATA, S.L.<br \/>\nDIGITEL COM<br \/>\nE.M.C., S.L. (ESTUDIOS MARKETING Y CONTROL)<br \/>\nEDASA INGENIER\u00cdA Y MONTAJES, S.A.<br \/>\nELSAT,S.L.<br \/>\nEMPRESA DE TRANSFORMACI\u00d3N AGRARIA, S.A.<br \/>\nEMTE, S.A.<br \/>\nEQUIPOS EUROPEOS ELECTR\u00d3NICOS<br \/>\nESCUELA SUPERIOR DE IMAGEN Y SONIDO CES<br \/>\nEUROPHONE 2000<br \/>\nEUROTAC<br \/>\nFABRICA NACIONAL DE MONEDA Y TIMBRE<br \/>\nFAIN ASCENSORES, S.A.<br \/>\nFERROVIAL SERVICIOS, S.A.<br \/>\nFUNDACI\u00d3N BIP BIP<br \/>\nGARMACO, S.L.<br \/>\nGIRBAU, S.A<br \/>\nGRUPO DE EMPRESAS DEL CORTE INGL\u00c9S, S.A.<br \/>\nGRUPO GONCAR ELECTR\u00d3NICA<br \/>\nGRUPOBEER (DEBEER, S.A.)<br \/>\nGUTIERREZ SANABRIA INSTALACIONES S.L.<br \/>\nHIPERCOR, S.A.<br \/>\nHONEYWELL, S.L.<br \/>\nI.B.T.M., S.L.<br \/>\nIKUSI SIS, S.A.<br \/>\nIMABE IBERICA, S.A.<br \/>\nIMAGEN Y SONIDO TECNICOL, S.L.<br \/>\nIMPORTACIONES CID, S.L.<br \/>\nINAVAN SISTEMAS, S.L.<br \/>\nINDRA SISTEMAS, S.A.<br \/>\nINDUYCO, S.A.<br \/>\nINFOGLOBAL<br \/>\nINSTALACIONES EL\u00c9CTRICAS SOMOZA, S.A.<br \/>\nINSTALACIONES Y MONTAJES ECOS, S.L.<br \/>\nINSTITUTO NACIONAL DE T\u00c9CNICA AEROESPACIAL \u00abESTEBAN TERRADAS\u00bb<br \/>\nINTELYGENZ, DESARROLLOS INFORMATICOS, S.L.<br \/>\nIVECO PEGASO, S.L.<br \/>\nJ.J.A. INSTALACIONES C.B.<br \/>\nJF ABOGADOS<br \/>\nJMD INSTALACIONES Y MANTENIMIENTOS 2005 S.L.<br \/>\nJSC DESARROLLOS Y APLICACIONES, S.L.<br \/>\nKEBELI INSTALACIONES, S.L.<br \/>\nKEMIA CIENTIFICA, S.A.<br \/>\nLANBASE ESPA\u00d1A, S.A.<br \/>\nLASER TECH IBERICA, S.L.<br \/>\nLETS INGENIEROS<br \/>\nLINEAS ELECTR\u00d3NICAS INGENIER\u00cdA, S.L.<br \/>\nLOSE INGENIER\u00cdAS, S.L.<br \/>\nMADRIFUEGO, S.L.<br \/>\nMAINTENANCE DEVELOPMENT, S.A.<br \/>\nMANTENIMIENTO E INSTRUMENTACI\u00d3N PRODUCTOS ELECTR\u00d3NICOS,S.A.<br \/>\nMEDICI\u00d3N Y CONTROL, S.A.<br \/>\nMERAK SISTEMAS INTEGRADOS DE CLIMATIZACI\u00d3N, S.A.<br \/>\nMISTRAL EQUIPOS Y SERVICIOS TECNICOS, S.A.<br \/>\nMONTAJES EL\u00c9CTRICOS PRIETO RAMOS C.B.<br \/>\nMOVILDAT,S.A. ( MINOR PLANET S.A.)<br \/>\nMPO IB\u00c9RICA, S.A.<br \/>\nMULTIGESTI\u00d3N IBERIA, S.A.<br \/>\nNE T2S IB\u00c9RICA, NETWORK SERVICE SOLUTIONS, SLU<br \/>\nNETOPEN<br \/>\nNUEVAS INSTALACIONES CALINFO, S.L.<br \/>\nNUEVAZAR, S.L.<br \/>\nOGILVYINTERACTIVE<br \/>\nOMNITEL COMUNICACIONES, S.L.<br \/>\nONCE DELEGACI\u00d3N TERRITORIAL DE MADRID<br \/>\nOVERLOAD, SOLUCIONES DE AUDIO, S.L.<br \/>\nPAPELERA PENINSULAR (HOLMER PAPER)<br \/>\nPARQUES REUNIDOS, S.A.<br \/>\nPC BOX<br \/>\nPEUGEOT-CITR\u00d6EN AUTOMOVILES ESPA\u00d1A, S.A. (Centro de Madrid)<br \/>\nPGS RED PROTECCIONES EL\u00c9CTRICAS, S.L.<br \/>\nPLASSER ESPA\u00d1OLA, S.A.<br \/>\nPOLSA ZENER, S.L.<br \/>\nPREMIUM TECHNOLOGY, S.L.<br \/>\nPROINTEC<br \/>\nPROYECTOS SOLARES MADRID, S.L.<br \/>\nPUNTO GESTI\u00d3N Y ADMINISTRACI\u00d3N, S.L.<br \/>\nQUAVITAE, S.A.<br \/>\nRADIO POPULAR S.A. COPE<br \/>\nRATELCO, S.L.<br \/>\nREDWAP EUROPA, S.L.<br \/>\nRENFE<br \/>\nROBERT BOSCH ESPA\u00d1A FABRICA ALCALA DE HENARES, S.A.<br \/>\nROBERT BOSCH ESPA\u00d1A FABRICA MADRID, S.A.<br \/>\nROHDE&amp;SCHWARZ ESPA\u00d1A, S.A.<br \/>\nS.C.T. TELECOM<br \/>\nS.I.M. ALGA, S.L.<br \/>\nSAC SISTEMAS AVANZADOS DE CONTROL<br \/>\nSEDICAL, S.A.<br \/>\nSEGUROS ECI, S.A.<br \/>\nSERCONI, S.L.<br \/>\nSEREM FORMACI\u00d3N, S.L.<br \/>\nSERVICIOS INTEGRALES DE INSTALACIONES EL\u00c9CTRICAS, S.L.<br \/>\nSERVICIOS T\u00c9CNICOS CELULARES, S.L.<br \/>\nSICAL AUTOMATION, S.L.<br \/>\nSIEMENS, S.A.<br \/>\nSINCOTEL, S.L.<br \/>\nSISTROL, S.A.<br \/>\nSITEMAS EL\u00c9CTRICOS INGENIEROS INDUSTRIALES, S.L.<br \/>\nSOCIEDAD ESPA\u00d1OLA DE ELECTROMEDICINA Y CALIDAD, S.A.<br \/>\nSOLDRAY, S.L.<br \/>\nSOLUCIONES INTEGRALES DE REPARACI\u00d3N<br \/>\nSOVIAL ELECTRONICA, S.L.<br \/>\nSPICE-PC, S.L.<br \/>\nSPV SISTEMAS, S.A.<br \/>\nSTAR MOBILE SOLUTIONS, S.L.<br \/>\nSYLCON, S.A.<br \/>\nTECNI-GAP<br \/>\nTECNOL\u00d3GICA COMPONENTES ELECTR\u00d3NICOS, S.A.<br \/>\nTECNOSISTEMAS MEDIOAMBIENTALES, S.L.<br \/>\nTELECOMUNICACIONES GONZ\u00c1LEZ<br \/>\nTELYMAN TELECOM, S.L.<br \/>\nTETRA PAK ENVASES, S.A.<br \/>\nTETRA PAK HISPANIA, S.A.<br \/>\nTHE PHONE HOUSE<br \/>\nTHYSSEN INGENIER\u00cdA Y SISTEMAS, S.A.<br \/>\nTHYSSENKRUPP ELEVADORES, S.L.<br \/>\nTRAMASA, S.L.<br \/>\nTREBOL INFORM\u00c1TICA, S.L.<br \/>\nVORWERK ESPA\u00d1A<br \/>\nVULCANO-SADECA, S.A.<br \/>\nXTRA TELECOM, S.A.<br \/>\nZEUS CONTROL, S.A.<br \/>\nINGENIER\u00cdA DE INSTRUMENTACI\u00d3N Y CONTROL, S.A.<br \/>\nLOGISAT SISTEMAS, S.L.<br \/>\nRECREATIVOS LIDER, S.A.<\/td>\n<\/tr>\n<\/tbody>\n<\/table>\n","protected":false},"excerpt":{"rendered":"<p>CICLO FORMATIVO NOMBRE DE LA EMPRESAS GM: Equipos electr\u00f3nicos de consumo GM: Equipos e instalaciones electrot\u00e9cnicasGS: Desarrollo de productos electr\u00f3nicos GS: Sistemas de regulaci\u00f3n y control autom\u00e1ticos GS: Sistemas de telecomunicaci\u00f3n e inform\u00e1ticos ADT ESPA\u00d1A SERVICIOS DE SEGURIDAD, S.L. AGUADO, S.L. ALBERCHE MONTAJES E INSTALACIONES INDUSTRIALES, S.L. ALCATEL INTEGRACI\u00d3N DE REDES, S.A. ALCOELECTRO, S.L. ANATRONIC, [&hellip;]<\/p>\n","protected":false},"author":20,"featured_media":0,"parent":132,"menu_order":0,"comment_status":"open","ping_status":"open","template":"page-full.php","meta":{"ngg_post_thumbnail":0,"footnotes":""},"_links":{"self":[{"href":"https:\/\/salesianosatocha.es\/orientacion\/wp-json\/wp\/v2\/pages\/138"}],"collection":[{"href":"https:\/\/salesianosatocha.es\/orientacion\/wp-json\/wp\/v2\/pages"}],"about":[{"href":"https:\/\/salesianosatocha.es\/orientacion\/wp-json\/wp\/v2\/types\/page"}],"author":[{"embeddable":true,"href":"https:\/\/salesianosatocha.es\/orientacion\/wp-json\/wp\/v2\/users\/20"}],"replies":[{"embeddable":true,"href":"https:\/\/salesianosatocha.es\/orientacion\/wp-json\/wp\/v2\/comments?post=138"}],"version-history":[{"count":2,"href":"https:\/\/salesianosatocha.es\/orientacion\/wp-json\/wp\/v2\/pages\/138\/revisions"}],"predecessor-version":[{"id":141,"href":"https:\/\/salesianosatocha.es\/orientacion\/wp-json\/wp\/v2\/pages\/138\/revisions\/141"}],"up":[{"embeddable":true,"href":"https:\/\/salesianosatocha.es\/orientacion\/wp-json\/wp\/v2\/pages\/132"}],"wp:attachment":[{"href":"https:\/\/salesianosatocha.es\/orientacion\/wp-json\/wp\/v2\/media?parent=138"}],"curies":[{"name":"wp","href":"https:\/\/api.w.org\/{rel}","templated":true}]}}