{"id":81,"date":"2012-02-06T23:08:14","date_gmt":"2012-02-06T23:08:14","guid":{"rendered":"http:\/\/salesianosatocha.es\/empresa\/?page_id=81"},"modified":"2019-03-20T16:01:25","modified_gmt":"2019-03-20T16:01:25","slug":"organigrama","status":"publish","type":"page","link":"https:\/\/salesianosatocha.es\/empresa\/organigrama\/","title":{"rendered":"Organigrama"},"content":{"rendered":"<h1>&nbsp;<\/h1>\n<h1>\u00d3RGANOS DE GOBIERNO Y GESTI\u00d3N<\/h1>\n<p>&nbsp;<\/p>\n<p>&nbsp;<\/p>\n<h2>1. \u00d3RGANOS UNIPERSONALES DE GOBIERNO<\/h2>\n<div class='one_half'>\n\t\t\t\t\t<ul>\n<li>Director General<\/li>\n<li>Director Pedag\u00f3gico (ESO)<\/li>\n<li>Director Pedag\u00f3gico (EI-EP)<\/li>\n<li>Director Pedag\u00f3gico de FPE<\/li>\n<li>Directora Pedag\u00f3gica de Bachillerato<\/li>\n<\/ul>\n\t\t\t\t<\/div><div class='one_half et_column_last'>\n\t\t\t\t\t<ul>\n<li>Luis Alberto Guijarro Rojo<\/li>\n<li>Manuel Pinto Gonz\u00e1lez<\/li>\n<li>Mar\u00eda del Pilar Prado Prieto<\/li>\n<li>Mariano Garrido Garc\u00eda<\/li>\n<li>D\u00aa Marta Montero Baeza<\/li>\n<\/ul>\n\t\t\t\t<\/div><div class='clear'><\/div><\/p>\n<h2>2. \u00d3RGANOS UNIPERSONALES DE GESTI\u00d3N<\/h2>\n<div class='one_half'>\n\t\t\t\t\t<ul>\n<li>Administrador<\/li>\n<li>Secretar\u00eda General<\/li>\n<li>Coordinadora de Pastoral (EI y EP)<\/li>\n<li>Coordinadora de Pastoral (EI)<\/li>\n<li>Coordinador de Pastoral de Bachillerato<\/li>\n<li>Coordinadora Pastoral (ESO) 1\u00ba Ciclo<\/li>\n<li>Coordinador Pastoral (ESO) 2\u00ba Ciclo<\/li>\n<li>Coordinador de Pastoral de FPE<\/li>\n<li>Coordinadora de Pastoral de PCPI<\/li>\n<\/ul>\n\t\t\t\t<\/div>\n<div class='one_half et_column_last'>\n\t\t\t\t\t<ul>\n<li>Fco. Javier Gonz\u00e1lez de la Cuerda<\/li>\n<li>D\u00f1a. Blanca S\u00e1nchez Dom\u00e9nech<\/li>\n<li>Sergio Huerta Moyano<\/li>\n<li>D\u00f1a. Idoya Lama L\u00f3pez<\/li>\n<li>D\u00f1a. Vanessa Cabero P\u00e9rez<\/li>\n<li>Juan Luis Herrero S\u00e1nchez<\/li>\n<li>D\u00f1a. Mar\u00eda Pilar Sainz H\u00edcar<\/li>\n<li>Sergio Huerta Moyano<\/li>\n<li>D\u00f1a. Lidia Riveiro S\u00e1nchez<\/li>\n<\/ul>\n\t\t\t\t<\/div><div class='clear'><\/div>\n<h3>Coordinadores<\/h3>\n<div class='one_half'>\n\t\t\t\t\t<ul>\n<li>E. Infantil:<\/li>\n<li>1\u00ba ciclo (EP):<\/li>\n<li>2\u00ba ciclo (EP):<\/li>\n<li>3\u00ba ciclo (EP):<\/li>\n<li>Idiomas (EP):<\/li>\n<li>1\u00ba ciclo (ESO):<\/li>\n<li>2\u00ba ciclo (ESO):<\/li>\n<li>CFG:<\/li>\n<li>CFGM:<\/li>\n<li>PCPI\/ACES:<\/li>\n<\/ul>\n\t\t\t\t<\/div><div class='one_half et_column_last'>\n\t\t\t\t\t<ul>\n<li>D\u00f1a. Pilar Barahona Arribas<\/li>\n<li>Blanca Valverde Mart\u00edn<\/li>\n<li>D\u00f1a. Isabel Castro Arellano<\/li>\n<li>D\u00f1a. Teresa Castell\u00f3n Mart\u00ednez<\/li>\n<li>D\u00f1a. Patricia Garc\u00eda-Ochoa Ruiz<\/li>\n<li>Isidro Conde Hern\u00e1ndez<\/li>\n<li>Pablo Pedro Hernaz Goas<\/li>\n<li>D\u00f1a. Bel\u00e9n Mart\u00edn Raboso<\/li>\n<\/ul>\n\t\t\t\t<\/div><div class='clear'><\/div><\/p>\n<h3>Departamento de Orientaci\u00f3n<\/h3>\n<div class='one_half'>\n\t\t\t\t\t<ul>\n<li>E. Infantil:<\/li>\n<li>E. Primaria:<\/li>\n<li>ESO:<\/li>\n<li>Bachillerato:<\/li>\n<li>FPE:<\/li>\n<li>PCPI:<\/li>\n<\/ul>\n\t\t\t\t<\/div><div class='one_half et_column_last'>\n\t\t\t\t\t<ul>\n<li>D\u00f1a. Idoya Lama L\u00f3pez<\/li>\n<li>D\u00f1a. M\u00aa Dolores Bueno Sierra<\/li>\n<li>D\u00f1a. Alicia Ram\u00edrez Guirao<\/li>\n<li>D\u00f1a. Pilar Garc\u00eda Fern\u00e1ndez<\/li>\n<li>Mar\u00eda Marcos Fuentes<\/li>\n<li>D\u00f1a. Bel\u00e9n Mart\u00edn Raboso<\/li>\n<\/ul>\n\t\t\t\t<\/div><div class='clear'><\/div><\/p>\n<h2>3. \u00d3RGANOS COLEGIADOS<\/h2>\n<p>&nbsp;<\/p>\n<p>CONSEJO ESCOLAR DE LA COMUNIDAD EDUCATIVA<\/p>\n<p>&nbsp;<\/p>\n<p>Director Pedag\u00f3gico de FP D. Mariano Garrido Garc\u00eda<br \/>\nDirector Pedag\u00f3gico de ESO D. Manuel Pinto Gonz\u00e1lez<br \/>\nDirector Pedag\u00f3gico de EI y EP D\u00f1a. Mar\u00eda del Pilar Prado Prieto<\/p>\n<p>&nbsp;<\/p>\n<p>Representantes del Titular.<\/p>\n<ol>\n<li>Luis Alberto Guijarro<\/li>\n<\/ol>\n<p>Representantes de Profesores.<\/p>\n<p>D\u00f1a. Mar\u00eda Isabel Lar\u00eda Hern\u00e1ndez<\/p>\n<p>D\u00f1a. Mar\u00eda \u00c1ngeles Moreno Llorente<\/p>\n<p>D\u00f1a. M\u00f3nica Ruenes Mart\u00ednez<\/p>\n<p>Representantes de padres.<\/p>\n<ol>\n<li>Alfredo Ferrero Carrasco<\/li>\n<li>Jorge Gallego Pradillo<\/li>\n<li>Enrique Mayor Moral<br \/>\nD\u00f1a. Noelia Rata Cepero<\/li>\n<\/ol>\n<p>Representantes de alumnos.<\/p>\n<ol>\n<li>Pablo Mart\u00ednez Blanco<\/li>\n<li>Marcos Moreno Burgos<\/li>\n<\/ol>\n<p>&nbsp;<\/p>\n<p>Representante del Personal de A.S.<\/p>\n<ol>\n<li>Francisco Javier Gonz\u00e1lez de la Cuerda<\/li>\n<\/ol>\n<p>&nbsp;<\/p>\n<p>Secretario:<\/p>\n<ol>\n<li>Cruz Javier Rodr\u00edguez Acevedo<\/li>\n<\/ol>\n<p>&nbsp;<\/p>\n<p>&nbsp;<\/p>\n<p>&nbsp;<\/p>\n<h3>EQUIPO DIRECTIVO<\/h3>\n<div class='one_half'>\n\t\t\t\t\t<ul>\n<li>Director General<\/li>\n<li>Director de la Obra Salesiana<\/li>\n<li>Administrador<\/li>\n<li>Director Pedag\u00f3gico de FP<\/li>\n<li>Director Pedag\u00f3gico de Bachillerato<\/li>\n<li>Director Pedag\u00f3gico de ESO<\/li>\n<li>Director Pedag\u00f3gico de EP<\/li>\n<li>Coordinador de Pastoral del Centro<\/li>\n<li>Coordinador de Pastoral de BACH.<\/li>\n<li>Coordinador de Pastoral de FPE<\/li>\n<li>Coordinadora de Pastoral ESO<\/li>\n<li>Coordinador de Pastoral de EP<\/li>\n<li>Coordinadora de Pastoral de EI<\/li>\n<li>Coordinadora de Pastoral de FPB-ACEs<\/li>\n<li>Coordinadora de FPB\/ACEs<\/li>\n<li>Coordinadora Pedag\u00f3gica de ESO<\/li>\n<li>Coordinadora Pedag\u00f3gica BACH.<\/li>\n<li>Coordinador Pedag\u00f3gico CFGM<\/li>\n<li>Coordinador Pedag\u00f3gico de CFGS<\/li>\n<li>Coordinadora Pedag\u00f3gica EP<\/li>\n<li>Coordinadora Pedag\u00f3gica de EI<\/li>\n<li>Responsable de Calidad del Centro\n\t\t\t\t<\/div><\/li>\n<\/ul>\n<div class='one_half et_column_last'>\n\t\t\t\t\t<ul>\n<li>Luis Alberto Guijarro Rojo<\/li>\n<li>Ignacio Mar\u00eda Lete Lizaso<\/li>\n<li>Fco. Javier Gonz\u00e1lez de la Cuerda<\/li>\n<li>Mariano Garrido Garc\u00eda<\/li>\n<li>D\u00aa Marta Montero Baeza<\/li>\n<li>Manuel Pinto Gonz\u00e1lez<\/li>\n<li>Mar\u00eda del Pilar Prado Prieto.<\/li>\n<li>Sergio Huerta Moyano<\/li>\n<li>Juan Luis Herrero S\u00e1nchez<\/li>\n<li>Sergio Huerta Moyano<\/li>\n<li>D\u00f1a. Mar\u00eda Sainz de H\u00edcar<\/li>\n<li>D\u00aa Vanessa Cabero P\u00e9rez<\/li>\n<li>D\u00aa Idoya Lama L\u00f3pez<\/li>\n<li>D\u00aa Lidia Riveiro S\u00e1nchez<\/li>\n<li>D\u00aa Bel\u00e9n Mart\u00edn Raboso<\/li>\n<li>D\u00aa Teresa Castell\u00f3n Mart\u00ednez<\/li>\n<li>D\u00aa Patricia Garc\u00eda-Ochoa Ruiz<\/li>\n<li>Pablo Hernanz Goas<\/li>\n<li>Isidro Conde Hern\u00e1ndez<\/li>\n<li>Blanca Valverde Mart\u00edn<\/li>\n<li>D\u00f1a. Pilar Barahona Arribas<\/li>\n<li>D\u00f1a. Mercedes Marug\u00e1n Rivera\n\t\t\t\t<\/div><div class='clear'><\/div><\/li>\n<\/ul>\n<h3>COMIT\u00c9 EJECUTIVO<\/h3>\n<div class='one_half'>\n\t\t\t\t\t<ul>\n<li>Director General<\/li>\n<li>Administrador<\/li>\n<li>Director Pedag\u00f3gico de FP<\/li>\n<li>Director Pedag\u00f3gico de Bachillerato<\/li>\n<li>Director Pedag\u00f3gico de ESO<\/li>\n<li>Director Pedag\u00f3gico de EP<\/li>\n<li>Coordinador General de Pastoral<\/li>\n<\/ul>\n\t\t\t\t<\/div><div class='one_half et_column_last'>\n\t\t\t\t\t<ul>\n<li>Luis Alberto Guijarro Rojo<\/li>\n<li>Fco. Javier Gonz\u00e1lez de la Cuerda<\/li>\n<li>Mariano Garrido Garc\u00eda<\/li>\n<li>D\u00aa Marta Montero Baeza<\/li>\n<li>Manuel Pinto Gonz\u00e1lez<\/li>\n<li>Mar\u00eda del Pilar Prado Prieto<\/li>\n<li>Sergio Huerta Moyano\n\t\t\t\t<\/div><div class='clear'><\/div><\/li>\n<\/ul>\n<p>&nbsp;<\/p>\n<h3>CLAUSTRO DE PROFESORES<\/h3>\n<p>&nbsp;<\/p>\n<p>CLAUSTRO DE PROFESORES<\/p>\n<p>&nbsp;<\/p>\n<p>Infantil<\/p>\n<ul>\n<li>1\u00baA D\u00f1a. Mar\u00eda Teresa Larrarte<\/li>\n<li>1\u00baB D\u00f1a. Mar\u00eda Teresa Marcos de la Cruz<\/li>\n<li>1\u00baC D\u00f1a. Irene Mart\u00edn de Luis<\/li>\n<li>1\u00baD D\u00f1a. Pilar Barahona Arribas<\/li>\n<li>2\u00baA D\u00f1a. Tania del Busto Tim\u00f3n<\/li>\n<li>2\u00baB D\u00f1a. Mar\u00eda \u00c1ngeles Moreno Llorente<\/li>\n<li>2\u00baC D\u00f1a. Nuria Terol S\u00e1nchez \/ D\u00f1a. Mar\u00eda Abril Garc\u00eda<\/li>\n<li>3\u00baA D\u00f1a. Mar\u00eda Dolores Rold\u00e1n G\u00f3mez-Casero<\/li>\n<li>3\u00baB D\u00f1a. Gema Navarro Moreno<\/li>\n<li>3\u00baC D\u00f1a. Clara Elena Aparicio Garc\u00eda-Risco\/ D\u00f1a. Sonia Navarro Cenarriaga<\/li>\n<li><strong>Integraci\u00f3n<\/strong><\/li>\n<\/ul>\n<p>D\u00aa Noelia Arroyo Montalb\u00e1n<br \/>\n<strong>Profesora Ingl\u00e9s<\/strong><\/p>\n<p>D\u00f1a. Carmen Garc\u00eda Pel\u00e1ez<\/p>\n<p>&nbsp;<\/p>\n<p>Educaci\u00f3n Primaria<\/p>\n<ul>\n<li>1\u00baA D\u00f1a. M\u00f3nica Ruenes Mart\u00ednez<\/li>\n<li>1\u00baB D\u00f1a. Isabel Lar\u00eda Hern\u00e1ndez<\/li>\n<li>1\u00baC D\u00f1a. Ana Ceballos Losa<\/li>\n<li>2\u00baA D\u00f1a. Mar\u00eda del Mar Medina Santib\u00e1\u00f1ez<\/li>\n<li>2\u00baB D\u00f1a. Carmen Zaragoza C\u00f3rdoba<\/li>\n<li>2\u00baC D\u00f1a. Ana Vaquero G\u00f3mez<\/li>\n<li>3\u00baA D. Jos\u00e9 Mar\u00eda Moreno Carmona<\/li>\n<li>3\u00baB D\u00f1a. Raquel Navas Pascual<\/li>\n<li>3\u00baC D\u00f1a. Isabel Castro Arellano<\/li>\n<li>4\u00baA D\u00f1a. Blanca Valverde Mart\u00edn<\/li>\n<li>4\u00baB D\u00f1a. Vanesa Ros Gonz\u00e1lez<\/li>\n<li>4\u00baC D. Bernab\u00e9 Mart\u00edn P\u00e9rez<\/li>\n<li>5\u00baA D. Pablo Garc\u00eda Arg\u00fcello<\/li>\n<li>5\u00baB D\u00f1a. Aida Hern\u00e1ndez Acebo<\/li>\n<li>5\u00baC D. Luis Miguel Ortega Bl\u00e1zquez<\/li>\n<li>6\u00baA D\u00f1a. Vanessa Cabero P\u00e9rez<\/li>\n<li>6\u00baB D. Isaac Barroso S\u00e1nchez<\/li>\n<li>6\u00baC D. Ib\u00e1n Useros Revesado<\/li>\n<\/ul>\n<p><strong>Integraci\u00f3n<\/strong><\/p>\n<p>D\u00f1a. F\u00e1tima Morales D\u00edez<br \/>\nD\u00f1a. Amparo Esteban Rubio<\/p>\n<p><strong>Profesores:<\/strong><\/p>\n<ul>\n<li>D\u00f1a. Henar Cubillo Sainz<\/li>\n<li>Mario Carlos Fern\u00e1ndez Mart\u00edn<\/li>\n<li>Juan Manuel Gonz\u00e1lez Serrano<\/li>\n<li>Carlos Mart\u00edn Canales<\/li>\n<li>Domingo Nieto Rodr\u00edguez<\/li>\n<\/ul>\n<p>&nbsp;<\/p>\n<p>Los&nbsp;<strong>d\u00edas de visitas y entrevistas personale<\/strong>s ser\u00e1n comunicadas a los alumnos a principio de curso<br \/>\n<strong>Reuniones del claustro<\/strong>: Mi\u00e9rcoles de 17 a 18,30 horas<\/p>\n<p>&nbsp;<\/p>\n<p>&nbsp;<\/p>\n<p><strong>ESO<\/strong><\/p>\n<ul>\n<li>D\u00aa Mar\u00eda Alarc\u00f3n Alarc\u00f3n<\/li>\n<li>D\u00aa Silvia Alonso Mart\u00ednez<\/li>\n<li>Ram\u00f3n Ariza G\u00f3mez<\/li>\n<li>Juan Luis Bengoa Garc\u00eda<\/li>\n<li>D\u00aa Ana Isabel Berrendo Cabrejas<\/li>\n<li>D\u00aa Teresa Castell\u00f3n Mart\u00ednez<\/li>\n<li>Juan Jos\u00e9 castro Gonz\u00e1lez<\/li>\n<li>Corina Cora Cornelia<\/li>\n<li>F\u00e9lix Delgado Planas<\/li>\n<li>D\u00f1a. Beatriz Esteban Canora.<\/li>\n<li>D\u00aa Asunci\u00f3n Fern\u00e1ndez Acosta<\/li>\n<li>D\u00aa Irene Fern\u00e1ndez Caro<\/li>\n<li>D\u00aa Hermila Galindo S\u00e1nchez<\/li>\n<li>D\u00aa Noem\u00ed Gallego Herrera<\/li>\n<li>Jes\u00fas Garc\u00eda Gonz\u00e1lez<\/li>\n<li>David Garea Carballedo<\/li>\n<li>D\u00aa Gema Gil Vidal<\/li>\n<li>Juli\u00e1n G\u00f3mez Mart\u00edn<\/li>\n<li>D\u00aa Marina Gude Garc\u00eda-Cano<\/li>\n<li>Luis Alberto Guijarro Rojo<\/li>\n<li>Sergio Huerta Moyano<\/li>\n<li>Ignacio Mar\u00eda Lete Lizaso<\/li>\n<li>Axel Malhou Enge<\/li>\n<li>Carlos Mart\u00edn Canales<\/li>\n<li>David Marug\u00e1n Rivera<\/li>\n<li>Esteban Miranda Camaz\u00f3n<\/li>\n<li>Manuel Molina Prados<\/li>\n<li>\u00c1lvaro P\u00e9rez D\u00edez<\/li>\n<li>Jos\u00e9 Antonio Pesta\u00f1a Castro<\/li>\n<li>Manuel Pinto Gonz\u00e1lez<\/li>\n<li>D\u00aa Alicia Ram\u00edrez Guirao<\/li>\n<li>Andr\u00e9s Ramos Rodr\u00edguez<\/li>\n<li>Cruz Javier Rodr\u00edguez Acevedo<\/li>\n<li>D\u00aa Eulalia Rivero Mart\u00ednez<\/li>\n<li>D\u00aa Dolores Ruiz Serrano<\/li>\n<li>D\u00aa M\u00aa Luisa Rodr\u00edguez Jim\u00e9nez<\/li>\n<li>D\u00aa Raquel Rueda Granda<\/li>\n<li>Luis Uriarte Gonz\u00e1lez<\/li>\n<li>Alberto Velasco Rozada<\/li>\n<\/ul>\n<p>&nbsp;<\/p>\n<p>&nbsp;<\/p>\n<p>Bachillerato<\/p>\n<ul>\n<li>D\u00aa Ana Esther Amelivia And\u00e9rica<\/li>\n<li>D\u00aa Bego\u00f1a Bustinduy Navas<\/li>\n<li>Juan Jos\u00e9 Castro Gonz\u00e1lez<\/li>\n<li>D\u00aa Covadonga Correas L\u00f3pez<\/li>\n<li>Miguel \u00c1ngel de Dios Mart\u00edn<\/li>\n<li>D\u00aa Silvia Docampo Capilla<\/li>\n<li>D\u00aa Elena Gago Mayoral<\/li>\n<li>D\u00aa Pilar Garc\u00eda Fern\u00e1ndez<\/li>\n<li>D\u00aa Patricia Garc\u00eda-Ochoa Ruiz<\/li>\n<li>David Garea Carballedo<\/li>\n<li>Jorge G\u00f3mez Garc\u00eda<\/li>\n<li>D\u00aa Olga Mar\u00eda Granell Oteiza<\/li>\n<li>D\u00aa Marina Gude Garc\u00eda-Cano<\/li>\n<li>Luis Alberto Guijarro Rojo<\/li>\n<li>Luis Heras L\u00f3pez<\/li>\n<li>Juan Luis Herrero S\u00e1nchez<\/li>\n<li>D\u00aa Cristina Jim\u00e9nez Jim\u00e9nez<\/li>\n<li>D\u00aa Julia Junquera S\u00e1iz<\/li>\n<li>Ignacio Mar\u00eda Lete Lizaso<\/li>\n<li>Axel Mahlau Enge<\/li>\n<li>Rafael Mart\u00edn Aguilera<\/li>\n<li>Carlos Mart\u00edn Canales<\/li>\n<li>D\u00aa Marta Montero Baeza<\/li>\n<li>Ra\u00fal Narb\u00f3n A\u00f1\u00f3n<\/li>\n<li>D\u00f1a. Beatriz Pedrote Sanz<\/li>\n<li>Anselmo P\u00e9rez Blanco<\/li>\n<li>Juan Carlos P\u00e9rez Gangoso<\/li>\n<li>Javier Ramos Villena<\/li>\n<li>D\u00aa Ana Bel\u00e9n Romo Galindo<\/li>\n<li>D\u00aa Ana Isabel Sanz March\u00e1n<\/li>\n<li>D\u00aa Bego\u00f1a Toral Rodr\u00edguez<\/li>\n<\/ul>\n<p>&nbsp;<\/p>\n<p>&nbsp;<\/p>\n<p>&nbsp;<\/p>\n<p>Formaci\u00f3n Profesional<\/p>\n<ul>\n<li>D\u00aa Mar\u00eda Albendea Saornil<\/li>\n<li>Manuel Alfonso Pindado<\/li>\n<li>Jes\u00fas Alonso Barriuso<\/li>\n<li>Jos\u00e9 Luis Aparicio Monedero<\/li>\n<li>Samuel Arranz de Andr\u00e9s<\/li>\n<li>Jos\u00e9 Carlos Bueno Sanz<\/li>\n<li>Antonio Jes\u00fas Camacho Moreno<\/li>\n<li>Jos\u00e9 Luis Camacho Moreno<\/li>\n<li>Adri\u00e1n Cereceda D\u00edaz<\/li>\n<li>Jos\u00e9 Luis Cerrada Garc\u00eda<\/li>\n<li>Isidro Conde Hern\u00e1ndez<\/li>\n<li>Carlos Contreras Herrera<\/li>\n<li>Jos\u00e9 Luis Esquivias L\u00f3pez<\/li>\n<li>Rub\u00e9n Fern\u00e1ndez Morcillo<\/li>\n<li>Ignacio Fern\u00e1ndez Perea<\/li>\n<li>D\u00aa Natalia Mercedes Fern\u00e1ndez S\u00e1nchez<\/li>\n<li>Juan Gallardo Crespo<\/li>\n<li>Jes\u00fas Manuel Garc\u00eda Alonso<\/li>\n<li>Luis Gabriel Garc\u00eda Arcos<\/li>\n<li>D\u00aa Mar\u00eda Garc\u00eda G\u00f3mez<\/li>\n<li>Jes\u00fas Garc\u00eda Jim\u00e9nez<\/li>\n<li>Ra\u00fal Garc\u00eda Montalbo<\/li>\n<li>Luis Miguel Garc\u00eda Pinilla<\/li>\n<li>D\u00aa Ana Garc\u00eda Zafra<\/li>\n<li>Mariano Garrido Garc\u00eda<\/li>\n<li>Emilio Gonz\u00e1lez de la Fuente<\/li>\n<li>D\u00aa Raquel Gonz\u00e1lez Nieto<\/li>\n<li>Francisco Javier Guti\u00e9rrez Cruz<\/li>\n<li>Jos\u00e9 Antonio Hern\u00e1ndez Garc\u00eda<\/li>\n<li>Pablo Pedro Hernanz Goas<\/li>\n<li>Juan Ignacio Herr\u00e1iz Serrano<\/li>\n<li>Sergio Huerta Moyano<\/li>\n<li>D\u00aa Mariana Mancebo A\u00f1ez<\/li>\n<li>D\u00aa Mar\u00eda Marcos Fuentes<\/li>\n<li>D\u00aa Eva Mar\u00eda Mart\u00ednez Fern\u00e1ndez<\/li>\n<li>D\u00aa Esther Mart\u00ednez Parra<\/li>\n<li>Carlos Mar\u00eda Mart\u00ednez Rodr\u00edguez<\/li>\n<li>Luis Mar\u00eda Mart\u00ednez Rodr\u00edguez<\/li>\n<li>D\u00aa Elisa Maz\u00f3n de la Fuente<\/li>\n<li>D\u00aa Gloria Mu\u00f1oz Irles<\/li>\n<li>Miguel \u00c1ngel Navas Garc\u00eda<\/li>\n<li>Tom\u00e1s Pascual G\u00f3mez<\/li>\n<li>D\u00aa M\u00aa Teresa Perea S\u00e1nchez<\/li>\n<li>Jos\u00e9 Antonio Pesta\u00f1a Castro<\/li>\n<li>D\u00aa Mar\u00eda \u00c1ngeles Poza G\u00f3mez<\/li>\n<li>Jos\u00e9 Manuel Prieto Gordo<\/li>\n<li>Javier Ramos Villena<\/li>\n<li>Emilio Redondo Campos<\/li>\n<li>D\u00aa Empar Redondo Moya<\/li>\n<li>Juan Manuel Rodr\u00edguez Arnanz<\/li>\n<li>Fernando Luis Rodr\u00edguez Fern\u00e1ndez<\/li>\n<li>D\u00aa Mercedes S\u00e1nchez Pell\u00f3n<\/li>\n<li>Enrique Soriano Heras<\/li>\n<li>Aurelio Su\u00e1rez Fern\u00e1ndez<\/li>\n<li>Juli\u00e1n Teba Mart\u00ed<\/li>\n<li>Lorenzo Torres Cuadrado<\/li>\n<li>Miguel \u00c1ngel Vega Cogorro<\/li>\n<\/ul>\n<p>&nbsp;<\/p>\n<p>&nbsp;<\/p>\n<p>&nbsp;<\/p>\n<p>FPB-ACEs<\/p>\n<p>&nbsp;<\/p>\n<ul>\n<li>D\u00aa Mar\u00eda Albendea Saornil<\/li>\n<li>D\u00aa Natalia O. Camacho Salguero<\/li>\n<li>D\u00aa Mar\u00eda Cuenca Camacho<\/li>\n<li>Jos\u00e9 Manuel Fern\u00e1ndez Durango<\/li>\n<li>Daniel Fern\u00e1ndez Gonz\u00e1lez<\/li>\n<li>D\u00aa Patricia Alejandra Guti\u00e9rrez Rivero<\/li>\n<li>D\u00aa Lourdes Herranz Jim\u00e9nez<\/li>\n<li>D\u00aa Mar\u00eda Jim\u00e9nez Rom\u00e1n<\/li>\n<li>Ignacio Lar\u00eda Hern\u00e1ndez<\/li>\n<li>Francisco Javier L\u00f3pez Tarifa<\/li>\n<li>D\u00aa Mariana Mancebo A\u00f1ez<\/li>\n<li>Fernando Mart\u00edn Forero Ortega<\/li>\n<li>D\u00aa Bel\u00e9n Mart\u00edn Raboso<\/li>\n<li>D\u00aa Alba Merino Merino<\/li>\n<li>Esteban Miranda Camaz\u00f3n<\/li>\n<li>Manuel Molina Prados<\/li>\n<li>D\u00aa Lidia Riveiro S\u00e1nchez<\/li>\n<li>V\u00edctor Manuel Rodr\u00edguez Mart\u00ednez<\/li>\n<li>Ra\u00fal Tenor Linares<\/li>\n<\/ul>\n<p>&nbsp;<\/p>\n<p>&nbsp;<\/p>\n<h3>EQUIPO COORDINADOR DEL SISTEMA DE GESTI\u00d3N DE CALIDAD:<\/h3>\n<div class='one_half'>\n\t\t\t\t\t<ul>\n<li>Director General<\/li>\n<li>RAC<\/li>\n<li>RAC &#8211; E. Infantil y E. Primaria<\/li>\n<li>RAC &#8211; ESO<\/li>\n<li>RAC \u2013 FPE<\/li>\n<li>RAC \u2013 Bachillerato<\/li>\n<li>RAC \u2013 FPO y FPC<\/li>\n<li>Delegados EI-EP, ESO, BACH, FP<\/li>\n<\/ul>\n<p>&nbsp;<\/p>\n\t\t\t\t<\/div><div class='one_half et_column_last'>\n\t\t\t\t\t<ul>\n<li>Luis Alberto Guijarro Rojo<\/li>\n<li>Mercedes Marug\u00e1n Rivera<\/li>\n<li>Mar\u00eda del Pilar Prado Prieto<\/li>\n<li>Manuel Pinto Gonz\u00e1lez<\/li>\n<li>D\u00aa Marta Montero Baeza<\/li>\n<li>Mariano Garrido Garc\u00eda<\/li>\n<li>D\u00f1a. Blanca Valverde Mart\u00edn<\/li>\n<li>D\u00f1a. M\u00aa Teresa Castell\u00f3n Mart\u00ednez<\/li>\n<li>D\u00aa Covadonga Correas L\u00f3pez<\/li>\n<li>Mar\u00eda Marcos Fuentes<\/li>\n<\/ul>\n\t\t\t\t<\/div><div class='clear'><\/div><\/p>\n<p>&nbsp;<\/p>\n<h2>4. ASOCIACIONES<\/h2>\n<ul>\n<li style=\"list-style-type: none;\">\n<ul>\n<li>Asociaci\u00f3n de Padres y Madres de Alumnos<\/li>\n<\/ul>\n<p>Presidenta: D\u00f1a. Noelia Rata Cepero<\/p>\n<ul>\n<li>Asociaci\u00f3n de Antiguos Alumnos<\/li>\n<\/ul>\n<p>Presidente: D. David de Diego Rodr\u00edguez<\/p>\n<p>Consiliario: D. Jos\u00e9 Antonio L\u00f3pez-Manzanares Bonnail<\/li>\n<\/ul>\n<p>&nbsp;<\/p>\n<h2>5. ADMINISTRACI\u00d3N Y SERVICIOS<\/h2>\n<h3>ADMINISTRACI\u00d3N:<\/h3>\n<ul>\n<li>D\u00aa Conchita Garc\u00eda Arcos \/ D\u00aa Leticia Sanz Sanz<\/li>\n<li>D\u00aa Inmaculada Mora Pascual-Muerte<\/li>\n<li>Leticia Gonz\u00e1lez Rivas \/Mar\u00eda \u00c1ngeles Lerma<\/li>\n<li>D\u00aa Mercedes Marug\u00e1n Rivera (RAC, P. Datos)<\/li>\n<\/ul>\n<h3>SECRETAR\u00cdA GENERAL:<\/h3>\n<ul>\n<li>D\u00aa Blanca N. S\u00e1nchez Dom\u00e9nech<\/li>\n<li>D\u00aa Mar\u00eda Jos\u00e9 D\u00edez Boldo<\/li>\n<li>D. Rafael Carlos Balb\u00e1s Lucio<\/li>\n<\/ul>\n<div>\n<h3>SECRETAR\u00cdA &nbsp;DE CURSOS (SFCO):<\/h3>\n<ul>\n<li>D. F\u00e9liz Ortega P\u00e9rez<\/li>\n<li>D\u00aa Leticia Gonz\u00e1lez Rivas<\/li>\n<\/ul>\n<h3>MENSAJER\u00cdA:<\/h3>\n<ul>\n<li>D. Jes\u00fas Rodr\u00edguez Fern\u00e1ndez<\/li>\n<\/ul>\n<\/div>\n<h3>RECEPCI\u00d3N:<\/h3>\n<ul>\n<li>Empresa IRIS<\/li>\n<\/ul>\n<h3>ALMAC\u00c9N (Electr\u00f3nica):<\/h3>\n<ul>\n<li>D. Manuel Luna Bl\u00e1zquez<\/li>\n<\/ul>\n<h3>MANTENIMIENTO:<\/h3>\n<ul>\n<li>D. Jos\u00e9 Mar\u00eda Camacho Hidalgo<\/li>\n<li>D. Jorge Garrido Pasero<\/li>\n<li>D. Jes\u00fas Vah\u00edllo Jim\u00e9nez<\/li>\n<li>D. Fernando Salom\u00f3n Aranda<\/li>\n<\/ul>\n<h3>BIBLIOTECA:<\/h3>\n<ul>\n<li>D\u00aa Elena Barrero Pr\u00edncipe<\/li>\n<li>D\u00aa Carmen Garc\u00eda Pel\u00e1ez<\/li>\n<\/ul>\n<p>&nbsp;<\/p>\n<p><strong>Plataforma Educativa Integral:<\/strong><\/p>\n<p style=\"padding-left: 30px;\">Permite obtener informaci\u00f3n en la relaci\u00f3n colegio-familia en:<br \/>\nwww.salesianosatocha.es\/empresa y www.educamos.com<\/p>\n","protected":false},"excerpt":{"rendered":"<p>&nbsp; \u00d3RGANOS DE GOBIERNO Y GESTI\u00d3N &nbsp; &nbsp; 1. \u00d3RGANOS UNIPERSONALES DE GOBIERNO 2. \u00d3RGANOS UNIPERSONALES DE GESTI\u00d3N Coordinadores Departamento de Orientaci\u00f3n 3. \u00d3RGANOS COLEGIADOS &nbsp; CONSEJO ESCOLAR DE LA COMUNIDAD EDUCATIVA &nbsp; Director Pedag\u00f3gico de FP D. Mariano Garrido Garc\u00eda Director Pedag\u00f3gico de ESO D. Manuel Pinto Gonz\u00e1lez Director Pedag\u00f3gico de EI y EP [&hellip;]<\/p>\n","protected":false},"author":17,"featured_media":0,"parent":0,"menu_order":0,"comment_status":"open","ping_status":"open","template":"","meta":{"_et_pb_use_builder":"","_et_pb_old_content":"","_et_gb_content_width":"","ngg_post_thumbnail":0,"footnotes":""},"_links":{"self":[{"href":"https:\/\/salesianosatocha.es\/empresa\/wp-json\/wp\/v2\/pages\/81"}],"collection":[{"href":"https:\/\/salesianosatocha.es\/empresa\/wp-json\/wp\/v2\/pages"}],"about":[{"href":"https:\/\/salesianosatocha.es\/empresa\/wp-json\/wp\/v2\/types\/page"}],"author":[{"embeddable":true,"href":"https:\/\/salesianosatocha.es\/empresa\/wp-json\/wp\/v2\/users\/17"}],"replies":[{"embeddable":true,"href":"https:\/\/salesianosatocha.es\/empresa\/wp-json\/wp\/v2\/comments?post=81"}],"version-history":[{"count":8,"href":"https:\/\/salesianosatocha.es\/empresa\/wp-json\/wp\/v2\/pages\/81\/revisions"}],"predecessor-version":[{"id":2514,"href":"https:\/\/salesianosatocha.es\/empresa\/wp-json\/wp\/v2\/pages\/81\/revisions\/2514"}],"wp:attachment":[{"href":"https:\/\/salesianosatocha.es\/empresa\/wp-json\/wp\/v2\/media?parent=81"}],"curies":[{"name":"wp","href":"https:\/\/api.w.org\/{rel}","templated":true}]}}