{"id":72,"date":"2012-02-06T22:51:33","date_gmt":"2012-02-06T22:51:33","guid":{"rendered":"http:\/\/salesianosatocha.es\/empresa\/?page_id=72"},"modified":"2012-09-19T17:49:05","modified_gmt":"2012-09-19T17:49:05","slug":"programacion-general","status":"publish","type":"page","link":"https:\/\/salesianosatocha.es\/empresa\/programacion-general\/","title":{"rendered":"Programaci\u00f3n General"},"content":{"rendered":"<h2 style=\"text-align: justify;\"><\/h2>\n<h2 style=\"text-align: justify;\"><strong>1. Pol\u00edtica de Calidad<\/strong><\/h2>\n<p style=\"text-align: justify;\">La Congregaci\u00f3n Salesiana, fundada por San Juan Bosco (1815-1888) en la ciudad de Tur\u00edn, tiene como finalidad la educaci\u00f3n de la juventud, atendiendo a la formaci\u00f3n integral de cada joven, y por tanto desarrollando todas las dimensiones\u00a0 personales: intelectual, l\u00fadica, afectiva, moral y trascendente.<br \/>\nSalesianos\u00a0 trabaja en el barrio de Atocha &#8211; Madrid desde el a\u00f1o 1901, para ofrecer a los j\u00f3venes estudiantes y t\u00e9cnicos una propuesta educativa que les capacite para integrarse en la sociedad con habilidades y recursos propios de personas que participan en una civilizaci\u00f3n desarrollada, libre y democr\u00e1tica.<br \/>\nLa misi\u00f3n y la visi\u00f3n como claves estrat\u00e9gicas de \u201dEscuela-Empresas\u201d constituyen una\u00a0 plasmaci\u00f3n de los or\u00edgenes, el objeto y las finalidades b\u00e1sicas de la entidad.<\/p>\n<h3 style=\"text-align: justify;\"><strong>Misi\u00f3n<\/strong><\/h3>\n<p style=\"text-align: justify;\">La misi\u00f3n de una entidad es el concepto que define su raz\u00f3n de ser, la finalidad y el prop\u00f3sito fundamental a alcanzar ante los diferentes grupos de inter\u00e9s.<\/p>\n<p style=\"text-align: justify;\">La misi\u00f3n de \u201cEscuela-Empresas\u201d\u00a0 es promover el cuidado, la educaci\u00f3n y formaci\u00f3n de los j\u00f3venes, especialmente los mas necesitados en<strong> los ambientes populares<\/strong>. Para ello les propone seguir un proceso que los lleve a ser \u201cbuenos cristianos y honrados ciudadanos\u201d, aplicando el \u201csistema preventivo de D. Bosco\u201d adaptado a nuestro tiempo y lugar.<\/p>\n<h3 style=\"text-align: justify;\"><strong>Visi\u00f3n<\/strong><\/h3>\n<p style=\"text-align: justify;\">La visi\u00f3n consiste en una proyecci\u00f3n, una imagen de futuro de la entidad a largo plazo.<br \/>\nLa visi\u00f3n de \u201cEscuela-Empresas\u201d es ser una Comunidad Educativa l\u00edder, que desarrolla todos los niveles educativos, atiende a todos los alumnos en su diversidad e incorpora las fuerzas de todos lo que comparten una especial preocupaci\u00f3n por la juventud. Por ello:<\/p>\n<ul style=\"text-align: justify;\">\n<li>Atiende con esmero el despertar religioso y el desarrollo espiritual de los ni\u00f1os y j\u00f3venes.<\/li>\n<li>Potencia la\u00a0 Formaci\u00f3n Profesional y la permanente relaci\u00f3n con el mundo empresarial.<\/li>\n<li>Establece conciertos y convenios con la administraci\u00f3n educativa y otras entidades que facilitan la gratuidad de la formaci\u00f3n recibida por el alumno.<\/li>\n<li>Establece conciertos y convenios con la administraci\u00f3n educativa, y otras entidades que facilitan la gratuidad de la formaci\u00f3n recibida por el alumno.<\/li>\n<li>Cuida la formaci\u00f3n continua de\u00a0 los miembros de la Comunidad Educativa.<\/li>\n<li>Presta especial atenci\u00f3n a los avances tecnol\u00f3gicos y la mejora organizativa y pedag\u00f3gica de forma continua.<\/li>\n<\/ul>\n<h3 style=\"text-align: justify;\"><strong>Valores<\/strong><\/h3>\n<p style=\"text-align: justify;\">La vocaci\u00f3n por servir a la juventud, constante a lo largo de toda la historia de \u201dEscuela-Empresas\u201d, est\u00e1 asentada sobre cinco valores que constituyen el eje de referencia para toda la organizaci\u00f3n y la clave de nuestro modelo de gesti\u00f3n:<\/p>\n<ul style=\"text-align: justify;\">\n<li><strong>FAMILIARIDAD Y CERCAN\u00cdA:<\/strong> la familiaridad crea un clima de confianza que hace posible la educaci\u00f3n del joven.<\/li>\n<li><strong>ESPIRITUALIDAD DE LO COTIDIANO<\/strong>: encontramos a Dios en las cosas sencillas de cada d\u00eda, no es necesario buscarlo con cosas extraordinarias.<\/li>\n<li><strong>ACOGIDA DE LAS PERSONAS:<\/strong> acogemos al que llega, con independencia de su condici\u00f3n social o planteamiento ideol\u00f3gico para proponerle un proyecto com\u00fan y un camino de encuentro.<\/li>\n<li><strong>OPTIMISMO Y ALEGR\u00cdA<\/strong>: partimos de que en todo joven hay una semilla de bondad que puede fructificar y por tanto es motivo de ilusi\u00f3n y alegr\u00eda para lograr nuevas metas.<\/li>\n<li><strong>COLABORACI\u00d3N CON OTRAS ENTIDADES:<\/strong> la colaboraci\u00f3n nos ha permitido unir fuerzas en el mejor servicio a la juventud que queremos realizar, facilitando entre otros, su inserci\u00f3n laboral.<\/li>\n<\/ul>\n<p style=\"text-align: justify;\"><strong>La direcci\u00f3n del Centro tiene firme compromiso de la mejora continua de la eficacia del sistema de gesti\u00f3n de calidad y del cumplimiento de los requisitos que aplican al Centro.<\/strong><\/p>\n<h2 style=\"text-align: justify;\"><strong><br \/>\n2. Objetivos<\/strong><\/h2>\n<p style=\"text-align: center;\"><div class='et-box et-shadow'>\n\t\t\t\t\t<div class='et-box-content'>OBJETIVO &#8211; CURSO 2012-13<\/p>\n<p style=\"text-align: center;\">\u00ab\u201cMantener la fidelidad a Don Bosco, mediante el empleo de la pedagog\u00eda salesiana, la propuesta\ndel evangelio y el testimonio de los educadores\u201d\u00bb<\/div><\/div><\/p>\n<p style=\"text-align: justify; padding-left: 30px;\"><strong>L\u00edneas de acci\u00f3n<\/strong>.<\/p>\n<p style=\"text-align: justify; padding-left: 30px;\">1. Desarrollo de una cultura vocacional ante la vida.<br \/>\n2. Testimonio personal de los valores que proponemos.<br \/>\n3. Propuesta y acogida de iniciativas formativas con identidad salesiana.<br \/>\n4. Fomento en el uso de las TIC y potenciaci\u00f3n del modelo EFQM.<br \/>\n5. B\u00fasqueda de referencias que nos permitan establecer comparaciones con otros centros.<br \/>\n6. Programaci\u00f3n de objetivos y actividades de educaci\u00f3n medioambiental en cada secci\u00f3n y en nuestra gesti\u00f3n de calidad.<\/p>\n","protected":false},"excerpt":{"rendered":"<p>1. Pol\u00edtica de Calidad La Congregaci\u00f3n Salesiana, fundada por San Juan Bosco (1815-1888) en la ciudad de Tur\u00edn, tiene como finalidad la educaci\u00f3n de la juventud, atendiendo a la formaci\u00f3n integral de cada joven, y por tanto desarrollando todas las dimensiones\u00a0 personales: intelectual, l\u00fadica, afectiva, moral y trascendente. Salesianos\u00a0 trabaja en el barrio de Atocha [&hellip;]<\/p>\n","protected":false},"author":17,"featured_media":0,"parent":0,"menu_order":0,"comment_status":"open","ping_status":"open","template":"page-full.php","meta":{"_et_pb_use_builder":"","_et_pb_old_content":"","_et_gb_content_width":"","ngg_post_thumbnail":0,"footnotes":""},"_links":{"self":[{"href":"https:\/\/salesianosatocha.es\/empresa\/wp-json\/wp\/v2\/pages\/72"}],"collection":[{"href":"https:\/\/salesianosatocha.es\/empresa\/wp-json\/wp\/v2\/pages"}],"about":[{"href":"https:\/\/salesianosatocha.es\/empresa\/wp-json\/wp\/v2\/types\/page"}],"author":[{"embeddable":true,"href":"https:\/\/salesianosatocha.es\/empresa\/wp-json\/wp\/v2\/users\/17"}],"replies":[{"embeddable":true,"href":"https:\/\/salesianosatocha.es\/empresa\/wp-json\/wp\/v2\/comments?post=72"}],"version-history":[{"count":9,"href":"https:\/\/salesianosatocha.es\/empresa\/wp-json\/wp\/v2\/pages\/72\/revisions"}],"predecessor-version":[{"id":1231,"href":"https:\/\/salesianosatocha.es\/empresa\/wp-json\/wp\/v2\/pages\/72\/revisions\/1231"}],"wp:attachment":[{"href":"https:\/\/salesianosatocha.es\/empresa\/wp-json\/wp\/v2\/media?parent=72"}],"curies":[{"name":"wp","href":"https:\/\/api.w.org\/{rel}","templated":true}]}}