{"id":219,"date":"2012-02-08T23:45:00","date_gmt":"2012-02-08T23:45:00","guid":{"rendered":"http:\/\/salesianosatocha.es\/empresa\/?page_id=219"},"modified":"2013-02-12T18:00:50","modified_gmt":"2013-02-12T18:00:50","slug":"asociacion-de-antiguos-alumnos","status":"publish","type":"page","link":"https:\/\/salesianosatocha.es\/empresa\/asociacion-de-antiguos-alumnos\/","title":{"rendered":"Asociaci\u00f3n de Antiguos Alumnos"},"content":{"rendered":"<div style=\"margin-bottom: 5px; text-align: center;\"><iframe loading=\"lazy\" style=\"border: 1px solid #CCC; border-width: 1px 1px 0; margin-bottom: 5px;\" src=\"http:\/\/www.slideshare.net\/slideshow\/embed_code\/16491262?rel=0\" height=\"486\" width=\"597\" allowfullscreen=\"\" frameborder=\"0\" marginwidth=\"0\" marginheight=\"0\" scrolling=\"no\"><\/iframe><\/div>\n<p style=\"text-align: center;\">\n<p style=\"text-align: center;\">\n<div class='et-box et-info'>\n\t\t\t\t\t<div class='et-box-content'>Para contactar con los miembros de la Junta Directiva puedes hacerlo martes y viernes por la tarde o domingos por la ma\u00f1ana, y tambi\u00e9n en los tel\u00e9fonos:<\/p>\n<p>91.506.21.17 (secretar\u00eda)<\/p>\n<p>91.506.21.00 (Jos\u00e9 Antonio Manzanares o David de Diego Rodr\u00edguez)<\/p>\n<p><a title=\"AAAlumnos\" href=\"http:\/\/salesianosatocha.es\/empresa\/contacto\/aaalumnos\/\" target=\"_blank\">Contactar por e-mail<\/a><\/p><\/div><\/div>\n<p style=\"text-align: center;\"><a href='http:\/\/salesianosatocha.es\/empresa\/hoja-informativas\/' class='small-button smallorange'>Hojas informativas<\/a><\/p>\n","protected":false},"excerpt":{"rendered":"","protected":false},"author":17,"featured_media":0,"parent":0,"menu_order":0,"comment_status":"open","ping_status":"open","template":"page-full.php","meta":{"_et_pb_use_builder":"","_et_pb_old_content":"","_et_gb_content_width":"","ngg_post_thumbnail":0,"footnotes":""},"_links":{"self":[{"href":"https:\/\/salesianosatocha.es\/empresa\/wp-json\/wp\/v2\/pages\/219"}],"collection":[{"href":"https:\/\/salesianosatocha.es\/empresa\/wp-json\/wp\/v2\/pages"}],"about":[{"href":"https:\/\/salesianosatocha.es\/empresa\/wp-json\/wp\/v2\/types\/page"}],"author":[{"embeddable":true,"href":"https:\/\/salesianosatocha.es\/empresa\/wp-json\/wp\/v2\/users\/17"}],"replies":[{"embeddable":true,"href":"https:\/\/salesianosatocha.es\/empresa\/wp-json\/wp\/v2\/comments?post=219"}],"version-history":[{"count":6,"href":"https:\/\/salesianosatocha.es\/empresa\/wp-json\/wp\/v2\/pages\/219\/revisions"}],"predecessor-version":[{"id":307,"href":"https:\/\/salesianosatocha.es\/empresa\/wp-json\/wp\/v2\/pages\/219\/revisions\/307"}],"wp:attachment":[{"href":"https:\/\/salesianosatocha.es\/empresa\/wp-json\/wp\/v2\/media?parent=219"}],"curies":[{"name":"wp","href":"https:\/\/api.w.org\/{rel}","templated":true}]}}