{"id":160,"date":"2012-02-07T10:33:57","date_gmt":"2012-02-07T10:33:57","guid":{"rendered":"http:\/\/salesianosatocha.es\/empresa\/?page_id=160"},"modified":"2012-02-07T10:33:57","modified_gmt":"2012-02-07T10:33:57","slug":"empresas-colaboradoras-para-audiovisuales-y-espectaculos","status":"publish","type":"page","link":"https:\/\/salesianosatocha.es\/empresa\/empresas-colaboradoras\/empresas-colaboradoras-para-audiovisuales-y-espectaculos\/","title":{"rendered":"Empresas Colaboradoras para Audiovisuales y Espect\u00e1culos"},"content":{"rendered":"<table border=\"1\" cellspacing=\"0\" cellpadding=\"5\">\n<tbody>\n<tr>\n<td>CICLO FORMATIVO<\/td>\n<td>NOMBRE DE LA EMPRESAS<\/td>\n<\/tr>\n<tr>\n<td>GS: Realizaci\u00f3n de audiovisuales y espect\u00e1culos<\/td>\n<td>AGENCIA DE TV LATINOAMERICANA DE SERVICIOS Y NOTICIAS, S.A.U.<br \/>\nANTENA 3<br \/>\nASOCIACI\u00d3N DE TELEVISI\u00d3N EDUCATIVA IBEROAMERICANA<br \/>\nAYSAV, S.A.<br \/>\nCOMUNICACIONES Y MEDIOS AUDIOVISUALES TELE-ALCAL\u00c1, S.L.<br \/>\nENTE P\u00daBLICO RADIO TELEVISI\u00d3N MADRID<br \/>\nEUROPA PRESS<br \/>\nFILMANOVA SHOW,\u00a0 S.L.<br \/>\nFREEYOURMIND<br \/>\nGESTEVISI\u00d3N TELECINCO, S.A.<br \/>\nGRUPO DE EMPRESAS DEL CORTE INGL\u00c9S, S.A.<br \/>\nLA MAREA PRODUCCIONES, S.L.<br \/>\nMEDIA GODOOL NET SERVICES, S.L.<br \/>\nMEDIA SAT<br \/>\nMEDIANEWS PRODUCCI\u00d3N DE NOTICIAS, S.L.<br \/>\nMIHAIL PRODUCCIONES<br \/>\nPOPULAR TV &#8211; GRUPO COPE<br \/>\nPRODUCCIONES DURA Y MIRANDA, S.L.<br \/>\nPRODUCTORA DIGITAL DE\u00a0 MEDIOS AUDIOVISUALES, S.A.<br \/>\nRENTAL MEDIA, S.L.<br \/>\nRIOJA AUDIOVISUALES, S.L.<br \/>\nSIGNO PRODUCCIONES, S.L.<br \/>\nSOGECABLE<br \/>\nTELSON SERVICIOS AUDIOVISUALES, S.L.<br \/>\nUNIPREX TV<\/td>\n<\/tr>\n<\/tbody>\n<\/table>\n","protected":false},"excerpt":{"rendered":"<p>CICLO FORMATIVO NOMBRE DE LA EMPRESAS GS: Realizaci\u00f3n de audiovisuales y espect\u00e1culos AGENCIA DE TV LATINOAMERICANA DE SERVICIOS Y NOTICIAS, S.A.U. ANTENA 3 ASOCIACI\u00d3N DE TELEVISI\u00d3N EDUCATIVA IBEROAMERICANA AYSAV, S.A. COMUNICACIONES Y MEDIOS AUDIOVISUALES TELE-ALCAL\u00c1, S.L. ENTE P\u00daBLICO RADIO TELEVISI\u00d3N MADRID EUROPA PRESS FILMANOVA SHOW,\u00a0 S.L. FREEYOURMIND GESTEVISI\u00d3N TELECINCO, S.A. GRUPO DE EMPRESAS DEL CORTE [&hellip;]<\/p>\n","protected":false},"author":17,"featured_media":0,"parent":132,"menu_order":0,"comment_status":"open","ping_status":"open","template":"page-full.php","meta":{"_et_pb_use_builder":"","_et_pb_old_content":"","_et_gb_content_width":"","ngg_post_thumbnail":0,"footnotes":""},"_links":{"self":[{"href":"https:\/\/salesianosatocha.es\/empresa\/wp-json\/wp\/v2\/pages\/160"}],"collection":[{"href":"https:\/\/salesianosatocha.es\/empresa\/wp-json\/wp\/v2\/pages"}],"about":[{"href":"https:\/\/salesianosatocha.es\/empresa\/wp-json\/wp\/v2\/types\/page"}],"author":[{"embeddable":true,"href":"https:\/\/salesianosatocha.es\/empresa\/wp-json\/wp\/v2\/users\/17"}],"replies":[{"embeddable":true,"href":"https:\/\/salesianosatocha.es\/empresa\/wp-json\/wp\/v2\/comments?post=160"}],"version-history":[{"count":1,"href":"https:\/\/salesianosatocha.es\/empresa\/wp-json\/wp\/v2\/pages\/160\/revisions"}],"predecessor-version":[{"id":161,"href":"https:\/\/salesianosatocha.es\/empresa\/wp-json\/wp\/v2\/pages\/160\/revisions\/161"}],"up":[{"embeddable":true,"href":"https:\/\/salesianosatocha.es\/empresa\/wp-json\/wp\/v2\/pages\/132"}],"wp:attachment":[{"href":"https:\/\/salesianosatocha.es\/empresa\/wp-json\/wp\/v2\/media?parent=160"}],"curies":[{"name":"wp","href":"https:\/\/api.w.org\/{rel}","templated":true}]}}