{"id":153,"date":"2012-02-07T10:32:01","date_gmt":"2012-02-07T10:32:01","guid":{"rendered":"http:\/\/salesianosatocha.es\/empresa\/?page_id=153"},"modified":"2012-02-07T10:32:01","modified_gmt":"2012-02-07T10:32:01","slug":"empresas-colaboradoras-en-mantenimiento","status":"publish","type":"page","link":"https:\/\/salesianosatocha.es\/empresa\/empresas-colaboradoras\/empresas-colaboradoras-en-mantenimiento\/","title":{"rendered":"Empresas Colaboradoras en Mantenimiento"},"content":{"rendered":"<table border=\"1\" cellspacing=\"0\" cellpadding=\"5\">\n<tbody>\n<tr>\n<td>CICLO FORMATIVO<\/td>\n<td>NOMBRE DE LA EMPRESAS<\/td>\n<\/tr>\n<tr>\n<td>GM: Instalaci\u00f3n y mantenimiento electromec\u00e1nico de Maquinaria y Conducci\u00f3n de L\u00ednea.<br \/>\nGS: Administraci\u00f3n de sistemas Inform\u00e1ticos<\/td>\n<td>ABS TECNOLOG\u00cdAS DEL AGUA, S.A.<br \/>\nALBERCHE MONTAJES E INSTALACIONES INDUSTRIALES, S.L.<br \/>\nALUBEST ENVASES Y EMBALAJES, S.A.<br \/>\nALVHER TECHNIC, S.A.<br \/>\nASCENSORES CENIA, S.A.<br \/>\nAUTYSER, S.A.<br \/>\nB.A.M.E.L., S.L.<br \/>\nB.O.E.<br \/>\nBIMBO S.A.U<br \/>\nBOMBARDIER EUROPEAN HOLDINGS, S.L.U.<br \/>\nBOMBARDIER EUROPEAN INVESTMENTS, S.L.U.<br \/>\nCAMPOCARNE , S.A.<br \/>\nCAMPOFRIO ALIMENTACI\u00d3N, S.A.<br \/>\nCARDGIRUS, S.L.<br \/>\nCASBEGA, S.A.<br \/>\nCENTRO DE TECNOLOG\u00cdAS F\u00cdSICAS \u00abLEONARDO TORRES QUEVEDO\u00bb<br \/>\nCOMERCIAL DE FRIO Y EQUIPAMIENTO, S.L.<br \/>\nCOMUNIDAD SALESIANA SAN FRANCISCO DE SALES<br \/>\nDIARIO ABC, S.L.<br \/>\nDOSKADE, S.A.<br \/>\nEMOPA, S.A.<br \/>\nEMTE, S.A.<br \/>\nFABRIPRESS, S.A.<br \/>\nFAIN ASCENSORES, S.A.<br \/>\nFERROVIAL &#8211; AGROMAN, S.A.<br \/>\nFIS-FILTRACI\u00d3N, S.L.<br \/>\nFLUOR, S.A.<br \/>\nFRICAIN, S.L.<br \/>\nGEBENSA, S.L.<br \/>\nGENIO ENGINEERING, S.L.<br \/>\nGIRBAU, S.A<br \/>\nGROMESAN, S.A.L.<br \/>\nGRUPO DE EMPRESAS DEL CORTE INGL\u00c9S, S.A.<br \/>\nGRUPOBEER (DEBEER, S.A.)<br \/>\nHIPERCOR, S.A.<br \/>\nHONEYWELL, S.L.<br \/>\nIMABE IBERICA, S.A.<br \/>\nINDUSTRIAS ELECTROMEC\u00c1NICAS FERN\u00c1NDEZ, S.L.<br \/>\nINPROMA SOLUCIONES INTEGRALES, S.L.<br \/>\nINSTALACIONES SANAIRE, S.L.<br \/>\nINTEGRAL DE OBRAS Y MANTENIMIENTO, S.L.<br \/>\nIVECO PEGASO, S.L.<br \/>\nKROWN SERVICIOS INTEGRALES DE FUNDICI\u00d3N, S.A.<br \/>\nMADRID SYSTEM, S.L.<br \/>\nMAESA (Manufacturas y Accesorios Electricos, S.A.)<br \/>\nMAINVISA MTO Y CONSERVACI\u00d3N MAQUINARIA INDUSTRIAL, S.L.<br \/>\nMANTENIMIENTO E INGENIER\u00cdA ENERG\u00c9TICA, S.A.<br \/>\nMAQUINARIA ARTES GR\u00c1FICAS HARTMANN, S.A.<br \/>\nMERAK SISTEMAS INTEGRADOS DE CLIMATIZACI\u00d3N, S.A.<br \/>\nMOLYPHARMA<br \/>\nMOSTOLES INDUSTRIAL, S.A. MPO IB\u00c9RICA, S.A.<br \/>\nNILFISK ADVANCE, S.A.<br \/>\nNISSAN MOTOR IBERICA<br \/>\nPALCO ENVASES DE ALUMNIO, S.A.<br \/>\nPAPELERA PENINSULAR (HOLMER PAPER)<br \/>\nPARQUES REUNIDOS, S.A.<br \/>\nPATENTES TALGO, S.A.<br \/>\nPEUGEOT-CITR\u00d6EN AUTOMOVILES ESPA\u00d1A, S.A. (Centro de Madrid)<br \/>\nPOLSA ZENER, S.L.<br \/>\nQUAVITAE, S.A.<br \/>\nREMICA, S.A.<br \/>\nREMINFER, S.A.<br \/>\nRENFE<br \/>\nROBERT BOSCH ESPA\u00d1A FABRICA ALCALA DE HENARES, S.A.<br \/>\nROBERT BOSCH ESPA\u00d1A FABRICA MADRID, S.A.<br \/>\nS.I.M. ALGA, S.L.<br \/>\nSEDICAL, S.A.<br \/>\nSEGUROS ECI, S.A.<br \/>\nSERMANFER, S.A.<br \/>\nSICAL AUTOMATION, S.L.<br \/>\nSONY DADC IBERIA, S.L.<br \/>\nSULZER PUMPS SPAIN, S.A.<br \/>\nT\u00c9CNICA DE MANTENIMIENTO, S.L. TEMANSA<br \/>\nTEIXPAC, S.A.<br \/>\nTETRA PAK ENVASES, S.A.<br \/>\nTHYSSEN INGENIER\u00cdA Y SISTEMAS, S.A.<br \/>\nTHYSSENKRUPP ELEVADORES, S.L.<br \/>\nTRAMASA, S.L.<br \/>\nUNICLIMA,S.A.<br \/>\nVULCANO-SADECA, S.A.<br \/>\nZEUS CONTROL, S.A.<br \/>\nTOOLL MANUFACTURING SERVICES, S.L.U.<br \/>\nBERLIMED, S.A.<br \/>\nCONSTRUCCIONES Y AUXILIAR DE FERROCARRILES, S.A.<br \/>\nALSTOM<br \/>\nFUNDACI\u00d3N CENTRO NACIONAL DE INVESTIGACIONES CARDIOVASCULARES<br \/>\nLABORATORIOS SPARCHIM,S.L.<br \/>\nPL\u00c1STICOS HUMBR\u00cdAS, S.A.<br \/>\nPUERTAS DOCAVI<br \/>\nSERVICIOS INDUSTRIALES<br \/>\nTECNATOM, S.A.<br \/>\nTURBO &#8211; IBER, S.A.<\/td>\n<\/tr>\n<\/tbody>\n<\/table>\n","protected":false},"excerpt":{"rendered":"<p>CICLO FORMATIVO NOMBRE DE LA EMPRESAS GM: Instalaci\u00f3n y mantenimiento electromec\u00e1nico de Maquinaria y Conducci\u00f3n de L\u00ednea. GS: Administraci\u00f3n de sistemas Inform\u00e1ticos ABS TECNOLOG\u00cdAS DEL AGUA, S.A. ALBERCHE MONTAJES E INSTALACIONES INDUSTRIALES, S.L. ALUBEST ENVASES Y EMBALAJES, S.A. ALVHER TECHNIC, S.A. ASCENSORES CENIA, S.A. AUTYSER, S.A. B.A.M.E.L., S.L. B.O.E. BIMBO S.A.U BOMBARDIER EUROPEAN HOLDINGS, S.L.U. [&hellip;]<\/p>\n","protected":false},"author":17,"featured_media":0,"parent":132,"menu_order":0,"comment_status":"open","ping_status":"open","template":"page-full.php","meta":{"_et_pb_use_builder":"","_et_pb_old_content":"","_et_gb_content_width":"","ngg_post_thumbnail":0,"footnotes":""},"_links":{"self":[{"href":"https:\/\/salesianosatocha.es\/empresa\/wp-json\/wp\/v2\/pages\/153"}],"collection":[{"href":"https:\/\/salesianosatocha.es\/empresa\/wp-json\/wp\/v2\/pages"}],"about":[{"href":"https:\/\/salesianosatocha.es\/empresa\/wp-json\/wp\/v2\/types\/page"}],"author":[{"embeddable":true,"href":"https:\/\/salesianosatocha.es\/empresa\/wp-json\/wp\/v2\/users\/17"}],"replies":[{"embeddable":true,"href":"https:\/\/salesianosatocha.es\/empresa\/wp-json\/wp\/v2\/comments?post=153"}],"version-history":[{"count":1,"href":"https:\/\/salesianosatocha.es\/empresa\/wp-json\/wp\/v2\/pages\/153\/revisions"}],"predecessor-version":[{"id":154,"href":"https:\/\/salesianosatocha.es\/empresa\/wp-json\/wp\/v2\/pages\/153\/revisions\/154"}],"up":[{"embeddable":true,"href":"https:\/\/salesianosatocha.es\/empresa\/wp-json\/wp\/v2\/pages\/132"}],"wp:attachment":[{"href":"https:\/\/salesianosatocha.es\/empresa\/wp-json\/wp\/v2\/media?parent=153"}],"curies":[{"name":"wp","href":"https:\/\/api.w.org\/{rel}","templated":true}]}}